059?
9
What is the tens digit of 9973?
7
What is the tens digit of 54984?
8
What is the units digit of 7802?
2
What is the thousands digit of 10744?
0
What is the hundreds digit of 947?
9
What is the thousands digit of 10606?
0
What is the thousands digit of 2149?
2
What is the units digit of 120?
0
What is the hundreds digit of 2381?
3
What is the units digit of 6227?
7
What is the units digit of 544?
4
What is the units digit of 33729?
9
What is the ten thousands digit of 19131?
1
What is the tens digit of 4142?
4
What is the thousands digit of 2045?
2
What is the hundreds digit of 6576?
5
What is the ten thousands digit of 76766?
7
What is the tens digit of 735?
3
What is the hundreds digit of 610?
6
What is the hundreds digit of 21797?
7
What is the hundreds digit of 6663?
6
What is the tens digit of 169?
6
What is the units digit of 6441?
1
What is the hundreds digit of 16726?
7
What is the units digit of 4270?
0
What is the hundreds digit of 7548?
5
What is the tens digit of 3262?
6
What is the tens digit of 459?
5
What is the tens digit of 9866?
6
What is the units digit of 801?
1
What is the units digit of 239?
9
What is the hundreds digit of 1081?
0
What is the hundreds digit of 17826?
8
What is the thousands digit of 75813?
5
What is the thousands digit of 6779?
6
What is the thousands digit of 7546?
7
What is the ten thousands digit of 12348?
1
What is the ten thousands digit of 80683?
8
What is the tens digit of 1076?
7
What is the thousands digit of 5498?
5
What is the hundreds digit of 10146?
1
What is the units digit of 15136?
6
What is the ten thousands digit of 112479?
1
What is the hundreds digit of 550?
5
What is the ten thousands digit of 10667?
1
What is the units digit of 76957?
7
What is the units digit of 498?
8
What is the units digit of 48623?
3
What is the thousands digit of 6683?
6
What is the units digit of 5044?
4
What is the units digit of 39328?
8
What is the hundreds digit of 273?
2
What is the units digit of 5182?
2
What is the units digit of 4931?
1
What is the hundreds digit of 1383?
3
What is the units digit of 1577?
7
What is the hundreds digit of 6270?
2
What is the hundred thousands digit of 109693?
1
What is the units digit of 46520?
0
What is the hundreds digit of 9644?
6
What is the tens digit of 8543?
4
What is the units digit of 76190?
0
What is the units digit of 8234?
4
What is the units digit of 47?
7
What is the tens digit of 1249?
4
What is the tens digit of 549?
4
What is the tens digit of 24?
2
What is the ten thousands digit of 139743?
3
What is the thousands digit of 3703?
3
What is the units digit of 1579?
9
What is the tens digit of 2724?
2
What is the thousands digit of 9656?
9
What is the hundreds digit of 1216?
2
What is the hundreds digit of 85651?
6
What is the units digit of 16782?
2
What is the hundreds digit of 76388?
3
What is the hundreds digit of 2497?
4
What is the units digit of 1321?
1
What is the tens digit of 7142?
4
What is the thousands digit of 5371?
5
What is the hundreds digit of 6602?
6
What is the units digit of 1026?
6
What is the hundreds digit of 963?
9
What is the units digit of 549?
9
What is the units digit of 12911?
1
What is the ten thousands digit of 27897?
2
What is the units digit of 1097?
7
What is the hundreds digit of 1129?
1
What is the tens digit of 29812?
1
What is the tens digit of 1967?
6
What is the thousands digit of 5262?
5
What is the hundreds digit of 14306?
3
What is the ten thousands digit of 42689?
4
What is the ten thousands digit of 26619?
2
What is the hundreds digit of 729?
7
What is the units digit of 8185?
5
What is the tens digit of 11190?
9
What is the units digit of 17971?
1
What is the hundreds digit of 75662?
6
What is the units digit of 3912?
2
What is the thousands digit of 1289?
1
What is the tens digit of 9406?
0
What is the units digit of 2189?
9
What is the tens digit of 62347?
4
What is the units digit of 875?
5
What is the units digit of 295?
5
What is the thousands digit of 14637?
4
What is the tens digit of 87377?
7
What is the units digit of 544?
4
What is the units digit of 7231?
1
What is the tens digit of 816?
1
What is the thousands digit of 41957?
1
What is the units digit of 1953?
3
What is the ten thousands digit of 15286?
1
What is the hundreds digit of 5979?
9
What is the tens digit of 7194?
9
What is the units digit of 84870?
0
What is the thousands digit of 42633?
2
What is the hundreds digit of 1368?
3
What is the tens digit of 953?
5
What is the thousands digit of 62734?
2
What is the tens digit of 1109?
0
What is the hundreds digit of 4163?
1
What is the tens digit of 1301?
0
What is the units digit of 5923?
3
What is the hundreds digit of 3290?
2
What is the tens digit of 5143?
4
What is the thousands digit of 3023?
3
What is the tens digit of 813?
1
What is the hundreds digit of 4516?
5
What is the hundreds digit of 80490?
4
What is the thousands digit of 7159?
7
What is the tens digit of 95319?
1
What is the ten thousands digit of 24122?
2
What is the thousands digit of 22365?
2
What is the thousands digit of 31220?
1
What is the hundreds digit of 150336?
3
What is the tens digit of 3487?
8
What is the hundreds digit of 653?
6
What is the ten thousands digit of 74857?
7
What is the ten thousands digit of 201850?
0
What is the hundreds digit of 9771?
7
What is the thousands digit of 13690?
3
What is the thousands digit of 111569?
1
What is the hundreds digit of 368?
3
What is the units digit of 2998?
8
What is the hundreds digit of 47995?
9
What is the thousands digit of 3875?
3
What is the thousands digit of 9084?
9
What is the tens digit of 223?
2
What is the units digit of 486?
6
What is the thousands digit of 12005?
2
What is the units digit of 48567?
7
What is the units digit of 279?
9
What is the thousands digit of 101531?
1
What is the tens digit of 13239?
3
What is the thousands digit of 7781?
7
What is the tens digit of 74716?
1
What is the units digit of 2329?
9
What is the units digit of 67773?
3
What is the hundreds digit of 6789?
7
What is the hundreds digit of 104?
1
What is the units digit of 224?
4
What is the units digit of 2635?
5
What is the tens digit of 45725?
2
What is the thousands digit of 23289?
3
What is the thousands digit of 1510?
1
What is the thousands digit of 18116?
8
What is the thousands digit of 5242?
5
What is the hundreds digit of 13625?
6
What is the thousands digit of 79053?
9
What is the units digit of 882?
2
What is the units digit of 749?
9
What is the units digit of 70520?
0
What is the tens digit of 9122?
2
What is the units digit of 8002?
2
What is the thousands digit of 36903?
6
What is the hundreds digit of 66316?
3
What is the units digit of 629?
9
What is the tens digit of 1091?
9
What is the tens digit of 58786?
8
What is the tens digit of 4354?
5
What is the units digit of 2835?
5
What is the hundreds digit of 3576?
5
What is the thousands digit of 122447?
2
What is the tens digit of 222?
2
What is the hundreds digit of 1956?
9
What is the thousands digit of 7024?
7
What is the units digit of 9728?
8
What is the units digit of 39501?
1
What is the units digit of 3916?
6
What is the units digit of 19808?
8
What is the units digit of 37794?
4
What is the hundreds digit of 828?
8
What is the hundreds digit of 4459?
4
What is the ten thousands digit of 33721?
3
What is the tens digit of 1089?
8
What is the hundreds digit of 660?
6
What is the units digit of 2917?
7
What is the ten thousands digit of 81654?
8
What is the units digit of 932?
2
What is the thousands digit of 1493?
1
What is the thousands digit of 4981?
4
What is the ten thousands digit of 18978?
1
What is the ten thousands digit of 21816?
2
What is the hundreds digit of 2174?
1
What is the thousands digit of 3816?
3
What is the thousands digit of 4963?
4
What is the units digit of 1516?
6
What is the tens digit of 75?
7
What is the hundreds digit of 89957?
9
What is the hundreds digit of 18354?
3
What is the units digit of 4512?
2
What is the units digit of 307?
7
What is the ten thousands digit of 15447?
1
What is the tens digit of 2437?
3
What is the hundreds digit of 355?
3
What is the tens digit of 2652?
5
What is the units digit of 3779?
9
What is the hundreds digit of 18637?
6
What